{"id":124,"date":"2007-11-08T12:19:51","date_gmt":"2007-11-08T10:19:51","guid":{"rendered":"http:\/\/www.yzabel.net\/mage\/le-betisier\/le-betisier-redux"},"modified":"2011-06-11T09:49:17","modified_gmt":"2011-06-11T07:49:17","slug":"le-betisier-redux","status":"publish","type":"page","link":"http:\/\/www.yzabel.net\/mage\/le-betisier\/le-betisier-redux","title":{"rendered":"Le B\u00eatisier &#8211; ReDux"},"content":{"rendered":"<strong>MJ:<\/strong> \"Un spectacle spectaculaire s'offre \u00e0 vos yeux.\"\r\n\r\n<strong>MJ:<\/strong> \"Tu distingues une silhouette masculine: il s'agit d'un homme, aux cheveux chauves, v\u00eatu d'une capeline(*).\r\n<strong>Helga:<\/strong> \u2014 Je le reconnais, c'est Scarlett O'Hara!\"\r\n<em>(*) On pr\u00e9cise que le MJ voulait dire \"une courte cape\", et que l'autre moiti\u00e9 des joueurs ne savait pas non plus ce qu'\u00e9tait une capeline.<\/em>\r\n\r\n<strong>MJ (il persiste):<\/strong> \"Tu vois quelque chose qui te frappe encore plus que ses cheveux chauves.\"\r\n\r\n<strong>Helga:<\/strong> \"Je peux essayer de mettre la main dans son doigt?\"\r\n\r\n<strong>Piotr:<\/strong> \"Heu, les Herm\u00e9tistes, \u00e7a a un rapport avec les Tupperware?\"\r\n\r\n<strong>MJ:<\/strong> \"A moins qu'Helga ne fasse pas son \u00e2ge...\r\n<strong>Helga:<\/strong> \u2014 Oui, je sais, je suis une femme Barbara Goule.\"\r\n\r\n<strong>MJ:<\/strong> \"Et non, il n'y a pas de cadavre suspendu au plancher!\"\r\n\r\n<strong>MJ:<\/strong> \"Le vent caresse doucement les vitres de vos chambres. Que faites-vous?\r\n<strong>Helga:<\/strong> \u2014 J'esquive!\"\r\n\r\n<strong>Irena:<\/strong> \"Et si le m\u00e9tal, c'est de l'ail, est-ce que \u00e7a marche?\"\r\n\r\n<strong>Jan:<\/strong> \"Il est dans le wagon de le fond.\r\n<strong>MJ:<\/strong> \u2014 Jakob Delafon?\"\r\n\r\n<strong>MJ:<\/strong> \"Le panneau annonce fi\u00e8rement le nom de <em>Pfohzt<\/em>.\r\n<strong>Helga:<\/strong> \u2014 Nous sommes sceptiques.\"\r\n\r\n<strong>MJ:<\/strong> \"La martre est pleine d'intentions martri\u00e8res.\"\r\n\r\n<strong>Irena:<\/strong> \"Nous avons vu le monde des Morts, du moins nous pensons qu'il s'agissait du\u2014 Vous voulez pas fermer la fen\u00eatre? Le ra\u00ef, \u00e7a colle pas trop, l\u00e0...\r\n<strong>MJ:<\/strong> \u2014 Mais si... Dans le monde des Maures, on \u00e9coute du ra\u00ef.\"\r\n\r\n<strong>Piotr:<\/strong> \"Oui, mais Ivanoly, il est pas comme moi, il a pas une grande queue touffue.\"\r\n\r\n<strong>Jan:<\/strong> \"Ce sont des pros. C'est comme moi, mais avec le cerveau en plus.\"\r\n\r\n<strong>Irena:<\/strong> \"Bon, je lui lance une noix. Ca suffira peut-\u00eatre \u00e0 le distraire, comme \u00e7a Jan pourra attaquer.\r\n<strong>MJ:<\/strong> \u2014 C'est simplement pour faire une diversion, alors, c'est \u00e7a?\r\n<strong>Irena:<\/strong> \u2014 Bah oui. Tu sais bien que je fais que des trucs \u00e0 la noix, de toutes fa\u00e7ons.\r\n<strong>MJ:<\/strong> \u2014 Ah oui, l\u00e0, c'est le cas de le dire.\"\r\n\r\n<strong>MJ:<\/strong> \"Tu te l\u00e8ves \u00e0 moiti\u00e9, tirant les draps hors de ton corps...\r\n<strong>Jan:<\/strong> \u2014 Ca doit faire mal.\"\r\n\r\n<strong>Jan:<\/strong> \"Je veux parler \u00e0 un \u00eatre sens\u00e9!... O\u00f9 est donc la martre?\"\r\n\r\n<strong>Jan:<\/strong> \"Quand je verrai le Fier Pote... Heu... Pier Fiote... Fr\u00e8re Piort... Mais je vais y arriver, oui?!\"\r\n\r\n<strong>Nathana\u00ebl:<\/strong> \"Eh oui, c'est un fait: je suis un F\u00e9e.\"\r\n\r\n<strong>MJ:<\/strong> \"Et vous vous \u00eates alors retrouv\u00e9s dans ce Royaume du Paradoxe, aspir\u00e9s par la bouche de Conqvist.\r\n<strong>Jan:<\/strong> \u2014 Ouais, je veux pas savoir par o\u00f9 on est sortis.\"\r\n\r\n<strong>Irena:<\/strong> \"Quand Jan Peter rentre ses couilles, toutes les femmes s'\u00e9vanouissent.\"\r\n\r\n<strong>Irena:<\/strong> \"Je peux faire un duel de volont\u00e9 avec lui? A qui baissera les yeux en premier?\r\n<strong>MJ: <\/strong>\u2014 Hmm, tu as combien en Charisme?\r\n<strong>Irena:<\/strong> \u2014 2.\r\n<strong>MJ:<\/strong> \u2014 Et en Commandement?\r\n<strong>Irena:<\/strong> \u2014 Heu, 1.\r\n<strong>Helga:<\/strong> \u2014 Et en Wonderbra, tu as combien?\"\r\n\r\n<strong>Helga:<\/strong> \"Quoi, les Russes ont embarqu\u00e9 une cargaison de putes dans la valise diplomatique \u00e0 Strasbourg?!\"\r\n\r\n<strong>Jan:<\/strong> \"Quoi, ma goule? Qu'est-ce qu'elle a, ma goule?\"\r\n\r\n<strong>Les joueurs:<\/strong> \"Allez, on Proust? (NDI -- Notre fa\u00e7on de dire \"on joue\".)\r\n<strong>MJ:<\/strong> \u2014 C'est vieux, \u00e7a. On Kant?\r\n<strong>Helga:<\/strong> \u2014 Non, c'est nul.\r\n<strong>Irena:<\/strong> \u2014 On Pascal?\r\n<strong>Helga:<\/strong> \u2014 Encore pire!\r\n<strong>MJ:<\/strong> \u2014 Ah, je sais! On Diog\u00e8ne?\r\n<strong>Helga:<\/strong> \u2014 Og\u00e8ne.\"\r\n\r\n<strong>MJ:<\/strong> \"Parmi les marchandises p\u00e9rissables...\r\n<strong>Nathana\u00ebl:<\/strong> \u2014 Quoi, elles ont p\u00e9ri? Elle ont d\u00e9j\u00e0 \u00e9t\u00e9 tu\u00e9es?!\"\r\n\r\n<strong>Nathana\u00ebl:<\/strong> \"La bo\u00eete de Pandore, alors, c'\u00e9tait un Tupperware?\"\r\n\r\n<strong>MJ:<\/strong> \"Si quelqu'un d'autre que moi venait \u00e0 prendre la poup\u00e9e \u00e0 Denisa, elle pourrait...\r\n<strong>Helga:<\/strong> \u2014 Mordre.\"\r\n\r\n<strong>MJ:<\/strong> \"Attention, car Jan est une arme vivante.\r\n<strong>Helga:<\/strong> \u2014 Oui, le probl\u00e8me c'est qu'il s'enraye souvent.\"\r\n\r\n<strong>Jan:<\/strong> \"Si on veut se d\u00e9barrasser d'eux, il suffit de laisser faire Irena.\r\n<strong>Irena:<\/strong> \u2014 C'est vrai, par exemple, lui il se prend les pieds dans ses lacets et tombe \u00e0 l'eau, lui, l\u00e0-bas, son arme va s'enrayer, et lui, il va s'empaler sur, heu, une pelle.\r\n<strong>Nathana\u00ebl:<\/strong> \u2014 Il va s'empeller, on dit.\"\r\n\r\n<strong>Jan:<\/strong> \"Ah bah, c'est donc pour \u00e7a que j'ai rat\u00e9 mon lancer: le couteau avait bu!\"\r\n\r\n<strong>Jan:<\/strong> \"Pose-lui donc des questions, tire-lui les doigts du nez, quoi!\"\r\n\r\n<strong>MJ:<\/strong> \"Il en a profit\u00e9 pour lui vider les bourses.\"\r\n\r\n<strong>MJ:<\/strong> \"Ma\u00eetre Z\u00e9phyr, nouveau roi de la sc\u00e8ne?\r\n<strong>Jan:<\/strong> \u2014 Oh l\u00e0 l\u00e0, le vent...\"\r\n\r\n<strong>Helga:<\/strong> \"Je range les cong\u00e8res le long du chemin.\"\r\n\r\n<strong>Jan:<\/strong> \"Enfin, Helga, je te cueille des b\u00e2tons, et toi t'arr\u00eates pas de les perdre!\"\r\n\r\n<strong>Jan:<\/strong> \"C'est Nathana\u00ebl qui arrive: je l'entends grelotter.\"<em> (en parlant du PJ qui utilise des tambourins comme foci)<\/em>\r\n\r\n<strong>Nathana\u00ebl:<\/strong> \"Non, \u00e7a va pas. C'est que j'ai une l\u00e9gende \u00e0 perp\u00e9trer, moi!\"\r\n\r\n<strong>Ziya:<\/strong> \"Elle a le teint blond.\"\r\n\r\n<strong>Jan:<\/strong> \"Faut que je monte jusqu'en haut de l'escalier du consulat, \u00e7a me fait du bien.\"\r\n\r\n<strong>Ziya:<\/strong> \"L'odeur revigorante du d\u00e9troit...\r\n<strong>MJ:<\/strong> \u2014 Viagrante?\r\n<strong>Ziya:<\/strong> \u2014 REVIGORANTE!\"\r\n\r\n<strong>Ziya:<\/strong> \"C'est l\u00e0 une visite diplomatique qui ne restera pas dans les annales.\r\n<strong>Emel:<\/strong> \u2014 Ca d\u00e9pend dans les annales de qui...\"\r\n\r\n<strong>Irena:<\/strong> \"On pourrait refiler des g\u00e9lules de soude caustique \u00e0 Enneakephalos pour le tuer.\r\n<strong>Helga:<\/strong> \u2014 Tes g\u00e9lules, c'est fait avec de la cellulose?\r\n<strong>Nathana\u00ebl:<\/strong> \u2014 Non, avec de la g\u00e9lulose.\"\r\n\r\n<strong>Jan:<\/strong> \"OK, j'ai 2 en Destin, \u00e7a m'avance \u00e0 quoi? Il y aura <em>'Jan Peter voyait Phil\u00e9mon, et il est mort comme un con'<\/em> sur ma tombe?\"\r\n\r\n<strong>Jan: <\/strong>\"On n'a qu'\u00e0 dire aux Choristes qu'il y a plein de vampires sous le Riesenrad, aux vampires qu'il y a plein de Choristes sous le Riesenrad, et puis on met des croquettes partout pour attirer le grand serpent... et on ach\u00e8ve ensuite ce qui a surv\u00e9cu!\"\r\n\r\n<strong>MJ:<\/strong> \"N'oubliez pas, Jakob est n\u00e9 deux fois...\r\n<strong>Helga: <\/strong>\u2014 Oui, il est donc re-n\u00e9.\r\n<strong>Nathana\u00ebl:<\/strong> \u2014 Mais non, il s'appelle pas Ren\u00e9?\"\r\n\r\n<strong>MJ:<\/strong> \"C'est l\u00e0 que tu as tendance \u00e0 te r\u00e9unir.\"\r\n\r\n<strong>MJ:<\/strong> \"Les litchis, c'est des couilles qui ont fusionn\u00e9 avec des ronces.\"\r\n\r\n<strong>MJ:<\/strong> \"La brume baisse, comme trou\u00e9e par des milliers d'\u00e9clats minuscules.\r\n<strong>Emel:<\/strong> \u2014 Ah, les trous, \u00e7a doit \u00eatre la faute du cageot de noix qu'on a lanc\u00e9.\"\r\n\r\n<strong>MJ:<\/strong> \"Autour de vous, la chaleur c\u00e8de le pas \u00e0 l'humidit\u00e9...\r\n<strong>Ziya:<\/strong> \u2014 Pipi?\"\r\n\r\n<strong>Jan: <\/strong>\"Je ne crois pas que c'est la vraie Tatiana. Je sonde son \u00e2me pour v\u00e9rifier.\r\n<strong>Tatiana:<\/strong> \u2014 Mais, esp\u00e8ce de malotru, ne me touchez pas!\r\n<strong>Jan:<\/strong> \u2014 Mais non, avec mon esprit, pas avec mes doigts!\"\r\n\r\n<strong>Tatiana<\/strong><em><strong> <\/strong>(apr\u00e8s avoir cogn\u00e9 Jan avec la mallette scell\u00e9e contenant l'\u00e9p\u00e9e)<\/em> \"La mallette n'a rien, j'esp\u00e8re?\r\n<strong>MJ:<\/strong> \u2014 Non, non. Par contre, on ne peut pas en dire autant de Jan.\r\n<strong>Ziya:<\/strong> \u2014 Maintenant, sur la joue de Jan, il est \u00e9crit 'Lancel'.\"\r\n\r\n<strong>Jan:<\/strong> \"Je tripote ma longue-vue.\" <em>(dit-il en regardant Tatiana, bombe sexuelle au demeurant)<\/em>\r\n\r\n<strong>Ziya:<\/strong> \"Je regarde s'il y a des chalutiers.\r\n<strong>Jan:<\/strong> \u2014 Alors l\u00e0, si je vois un chat qui fabrique un violon, moi je me tire une balle.\"\r\n\r\n<strong>Jan (au MJ):<\/strong> \"Tu vas pas m'apprendre mon m\u00e9tier quand m\u00eame, je fais plus souvent des botchs que toi, d'abord.\"\r\n\r\n<strong>MJ:<\/strong> \"Moi, j'ai Aura of God.\r\n<strong>Aster:<\/strong> \u2014 Ah, dans ce cas, nous on a Aura of Blasphemy!\r\n<strong>MJ:<\/strong> \u2014 Ha! Oui bon alors, c'est Aura \"la porte c'est par l\u00e0\".\r\n<strong>Helga:<\/strong> \u2014 Et moi, j'Aura le bol!\"\r\n\r\n<strong>Helga<\/strong> <em>(au sujet d'un PJ qui parle tr\u00e8s peu)<\/em> \"Elle s'appelle Aster? Ah oui, contrairement \u00e0 Nathana\u00ebl, elle arrive \u00e0 se taire, elle!\"\r\n\r\n<strong>MJ:<\/strong> \"Cela faisait plusieurs jours que toi, Helga, tu faisais le m\u00eame r\u00eave r\u00e9current...\r\n<strong>Helga:<\/strong> \u2014 Oui, et en plus, je faisais le m\u00e9nage.\"\r\n\r\n<strong>Seraphim<\/strong><em> (parlant d'un PNJ surnomm\u00e9 \"Flips\")<\/em>: \"Flips m\u00e9rite votre confiance!\"\r\n\r\n<strong>Helga:<\/strong> \"Maintenant que j'ai bien bourr\u00e9 ma gourdasse d'aub\u00e9pine...\"\r\n\r\n<strong>Seraphim<\/strong> <em>(regardant Aster, puis le MJ)<\/em> \"Elle bouffe de la craie?\r\n<strong>MJ:<\/strong> \u2014 Oui.\r\n<strong>Seraphim:<\/strong> \u2014 Et je le savais, \u00e7a?\r\n<strong>MJ:<\/strong> \u2014 Oui.\r\n<strong>Seraphim:<\/strong> \u2014 Et on l'a quand m\u00eame emmen\u00e9e avec nous?!\"\r\n\r\n<strong>Helga:<\/strong> \"Je prends un coussin inanim\u00e9.\"\r\n\r\n<strong>MJ:<\/strong> \"Les cale\u00e7ons Jan Peter: vous pouvez m\u00eame y mettre <a href=\"http:\/\/www.yzabel.net\/mage\/forum\/index.php\/topic,40.msg382.html#msg382\" target=\"_blank\">un Messerschmitt<\/a>! Ne vous laissez plus prendre au d\u00e9pourvu!\"\r\n\r\n<strong>Helga:<\/strong> \"Je ne serai pas visible pendant 48h...\r\n<strong>MJ:<\/strong> \u2014 ...Gr\u00e2ce \u00e0 Nana Invisible!\"\r\n\r\n<strong>MJ: <\/strong>\"Ah non, Piotr. Tu sais bien que Madame Melvany a dit: jamais plus d'un repas \u00e0 la fois.\"\r\n\r\n<strong>Seraphim:<\/strong> \"Ca doit \u00eatre un saucisson qui repousse, vu combien j'en ai distribu\u00e9 \u00e0 tout le monde. Du coup, \u00e7a me fait un deuxi\u00e8me b\u00e2ton de berger! \"\r\n\r\n<strong>Helga:<\/strong> <em>(au joueur de Jan et Seraphim) <\/em>\"Pourquoi tu joues toujours des persos qui n'ont pas dents?!\"\r\n\r\n<strong>Aster:<\/strong> \"Elles sont tr\u00e8s phalliques, nos parties...\"\r\n\r\n<strong>MJ:<\/strong> \"C'est marrant, les victimes ont toutes \u00e9t\u00e9 retrouv\u00e9es exsangues et assises sur les toilettes...\r\n<strong>Seraphim:<\/strong> \u2014 C'est que c'est une zone tr\u00e8s mal irrigu\u00e9e.\"\r\n\r\n<strong>Helga:<\/strong> \"Salut, Lhop-Lhop. Ton vrai nom, ce serait pas Ennea Trompettos?\"\r\n\r\n<strong>Piotr:<\/strong> (<em>au sujet des cultistes cens\u00e9s attaquer le palais Melvany) <\/em> \"Et si on faisait rien pour se pr\u00e9parer \u00e0 leur arriv\u00e9e? Ca va les d\u00e9go\u00fbter.\"\r\n\r\n<strong>Aster:<\/strong> \"Et comment Seraphim regagne son Glamour?\r\n<strong>Seraphim:<\/strong> \u2014 En se lavant?\r\n<strong>Helga:<\/strong> \u2014 Ben alors pas souvent!\"\r\n\r\n<strong>Seraphim:<\/strong> \"Allez, s\u00e9paration des croupes... heu, des troupes!\"\r\n\r\n<strong>Helga:<\/strong> \"Je v\u00e9rifie si son motif vital est intact. Et vu qu'elle a \u00e9t\u00e9 viol\u00e9e, je lui fais aussi un test de grossesse.\r\n<strong>MJ:<\/strong> \u2014 Un test de grotesque? C'est un job pour Seraphim, \u00e7a.\"\r\n\r\n<strong>MJ:<\/strong> (interpr\u00e9tant un petit archiviste terroris\u00e9 aux gestes de protestation <em>tr\u00e8s <\/em>saccad\u00e9s) \"Mais, mais, mais, qu-qu'est-ce qui vous p-prends?\r\n<strong>Helga:<\/strong> \u2014 ...Mais vous \u00eates Bioman?!\"\r\n\r\n<strong>MJ:<\/strong> \"Vous vous retrouvez coinc\u00e9es entre deux falaises de gr\u00e8s.\r\n<strong>Nathana\u00ebl:<\/strong> \u2014 Ou de force.\"\r\n\r\n<strong>MJ:<\/strong> \"Elles d\u00e9gagent une\u2014\r\n<strong>Helga:<\/strong> \u2014 Ah \u00e7a oui, apr\u00e8s une journ\u00e9e dans le d\u00e9sert, qu'est-ce qu'elles d\u00e9gagent!\"\r\n\r\n<strong>MJ: <\/strong>\"C'est pas parce que vous voyez un mort qu'il est r\u00e9ellement mort.\"\r\n\r\n<strong>Helga:<\/strong> \"Y a-t-il quelque chose qui a emp\u00each\u00e9 l'explorateur de sortir de la salle?\r\n<strong>MJ:<\/strong> \u2014 Oui, le plafond qui lui est tomb\u00e9 dessus.\r\n<strong>Helga:<\/strong> \u2014 Mais il y a quelque chose qui l'a emp\u00each\u00e9 de sortir?\r\n<strong>MJ:<\/strong> \u2014 Oui, <em>le plafond qui lui est tomb\u00e9 dessus<\/em>!\"\r\n\r\n<strong>MJ:<\/strong> \"OK, fais -moi ton jet de d\u00e9s.\r\n<strong>Nathana\u00ebl:<\/strong> \u2014 Seuil?\r\n<strong>MJ:<\/strong> \u2014 Seuil... attends voir...\r\n<strong>Nathana\u00ebl:<\/strong> \u2014 Seuil 'beaucoup trop', c'est \u00e7a?\"\r\n\r\n<strong>Helga: <\/strong>\"Apr\u00e8s quelques battements de saucisse... heu, de sourcils!\"\r\n\r\n<strong>Helga: <\/strong>\"Je me suis permise d'amener avec moi ma cousine, Aster... <em>[cherche fr\u00e9n\u00e9tiquement un faux nom \u00e0 donner]<\/em> ... Aster O\u00efde.\"\r\n\r\n<strong>Helga:<\/strong> \"Tout le monde sait que votre chant a des effets curatifs.\r\n<strong>MJ:<\/strong> \u2014 Cura\u00e7ao.\r\n<strong>Nathana\u00ebl:<\/strong> \u2014 Ah oui, \u00e7a, pour un Troll...\"\r\n\r\n<strong>Helga:<\/strong> \"Ce serait fort aimable \u00e0 vous de publier quelques photos des oeuvres de mon mari <em>[Note: des sculptures tr\u00e8s moches dignes des horreurs indicibles lovecraftiennes]<\/em> dans votre papier.\r\n<strong>Tim:<\/strong> \u2014 ... Oul\u00e0, mais on va couler le journal, l\u00e0!\"\r\n\r\n<strong>MJ:<\/strong> \"Au moment o\u00f9 Tim te fait le baisemain, Helga, tu ressens une \u00e9trange impression...\r\n<strong>Tim:<\/strong> \u2014 Oui: 'Il doit \u00eatre bon au lit'.\"\r\n\r\n<strong>Tim:<\/strong> \"Non, non, lui c'est un vrai, un pur. Il est larbin et fier de l'\u00eatre.\r\n<strong>Aster:<\/strong> \u2014 Born to be larbin?\"\r\n\r\n<a name=\"new\"><\/a><strong>MJ:<\/strong> \"Si tu astiquais ton canon, tu d\u00e9chargerais \u00e0 chaque fois.\"\r\n\r\n<strong>Emmeline:<\/strong> \"Ca ne marche que sur de la mati\u00e8re vivante morte.\"\r\n\r\n<strong>Emmeline: <\/strong>\"Y a qu'une seule personne ici qui a le droit de tout faire exploser, et cette personne, c'est MOI!\"\r\n\r\n<strong>Matt:<\/strong> \"Ce sont les Sp\u00e9cimen In Black, dans ce cas.\"\r\n\r\n<strong>Matt: <\/strong>\"Je suis d'accord: Cioccoletto, \u00e7a fait tr\u00e8s nom de bordel gay, surtout sur Anal Street... heu, pardon, Canal Street.\"\r\n\r\n<strong>MJ: <\/strong>\"Il porte une casquette mal viss\u00e9e sur ses \u00e9paules.\"\r\n\r\n<strong>MJ: <\/strong>\"Des portes jonchent le couloir de chaque c\u00f4t\u00e9.\"\r\n\r\n<strong>Matt: <\/strong>\"Prends mon couteau,\u00a0 il est dans ma poche.\r\n<strong>Emmeline:<\/strong> \u2014 D'accord, je cherche... Je trouve pas...\r\n<strong>Matt:<\/strong> \u2014 Ah, ouais, c'est long, c'est dur, mais c'est pas mon couteau.\r\n<strong>Emmeline: <\/strong>\u2014 Je sais, c'est ton flingue.\"\r\n\r\n<strong>Charles Bedaux:<\/strong> \"Qui je suis? Voyons.Qui donc contr\u00f4le les flux mon\u00e9taires? Qui fait que les ouvriers se l\u00e8vent \u00e0 cinq heures, et non pas \u00e0 huit?\r\n<strong>Emmeline: <\/strong>\u2014 La pointeuse?\"\r\n\r\n<strong>Angus: <\/strong>\"Vite, j'occupe les engoulevents, profites-en pour sauter dans la voiture et rouler jusqu'\u00e0 la porte?\r\n<strong>Emmeline: <\/strong>\u2014 Ah non, tu d\u00e9connes? Maintenant qu'on a une place de parking!\"\r\n\r\n<strong>MJ:<\/strong> \"Il a commis le pire des blasph\u00e8mes!\r\n<strong>Emmeline:<\/strong> \u2014 Oui, il a invoqu\u00e9 le fant\u00f4me d'un avocat.\"","protected":false},"excerpt":{"rendered":"<p>MJ: &#8220;Un spectacle spectaculaire s&#8217;offre \u00e0 vos yeux.&#8221; MJ: &#8220;Tu distingues une silhouette masculine: il s&#8217;agit d&#8217;un homme, aux cheveux chauves, v\u00eatu d&#8217;une capeline(*). Helga: \u2014 Je le reconnais, c&#8217;est Scarlett O&#8217;Hara!&#8221; (*) On pr\u00e9cise que le MJ voulait dire &#8220;une courte cape&#8221;, et que l&#8217;autre moiti\u00e9 des joueurs ne savait pas non plus ce [&hellip;]<\/p>\n","protected":false},"author":2,"featured_media":0,"parent":12,"menu_order":0,"comment_status":"open","ping_status":"open","template":"","meta":{"footnotes":""},"class_list":["post-124","page","type-page","status-publish","hentry"],"_links":{"self":[{"href":"http:\/\/www.yzabel.net\/mage\/wp-json\/wp\/v2\/pages\/124","targetHints":{"allow":["GET"]}}],"collection":[{"href":"http:\/\/www.yzabel.net\/mage\/wp-json\/wp\/v2\/pages"}],"about":[{"href":"http:\/\/www.yzabel.net\/mage\/wp-json\/wp\/v2\/types\/page"}],"author":[{"embeddable":true,"href":"http:\/\/www.yzabel.net\/mage\/wp-json\/wp\/v2\/users\/2"}],"replies":[{"embeddable":true,"href":"http:\/\/www.yzabel.net\/mage\/wp-json\/wp\/v2\/comments?post=124"}],"version-history":[{"count":6,"href":"http:\/\/www.yzabel.net\/mage\/wp-json\/wp\/v2\/pages\/124\/revisions"}],"predecessor-version":[{"id":300,"href":"http:\/\/www.yzabel.net\/mage\/wp-json\/wp\/v2\/pages\/124\/revisions\/300"}],"up":[{"embeddable":true,"href":"http:\/\/www.yzabel.net\/mage\/wp-json\/wp\/v2\/pages\/12"}],"wp:attachment":[{"href":"http:\/\/www.yzabel.net\/mage\/wp-json\/wp\/v2\/media?parent=124"}],"curies":[{"name":"wp","href":"https:\/\/api.w.org\/{rel}","templated":true}]}}