{"id":149,"date":"2010-05-10T19:24:30","date_gmt":"2010-05-10T17:24:30","guid":{"rendered":"http:\/\/www.yzabel.net\/mage"},"modified":"2010-05-10T19:24:30","modified_gmt":"2010-05-10T17:24:30","slug":"emel-iskan","status":"publish","type":"page","link":"http:\/\/www.yzabel.net\/mage\/principaux-personnages\/les-personnages-de-redux\/emel-iskan","title":{"rendered":"Emel Iskan"},"content":{"rendered":"<span style=\"text-decoration: underline;\"><strong>Fiche de personnage:<\/strong><\/span>\r\n\r\n<strong>Nom:<\/strong> Emel Iskan\r\n<strong>Nature:<\/strong> Progressiste\r\n<strong>Comportement: <\/strong>Perfectionniste\r\n<strong>Essence:<\/strong> Questive\r\n<strong>Convention:<\/strong> Nouvel Ordre Mondial\r\n<strong>Concept:<\/strong> Agent de Renseignement<strong>s\r\n<\/strong>\r\n\r\n<strong>Physique:<\/strong> Force 2, Dext\u00e9rit\u00e9 3, Vigueur 3\r\n<strong>Social:<\/strong> Charisme 2, Manipulation 2, Apparence 2\r\n<strong>Mental:<\/strong> Perception 4 (Observateur), Intelligence 2, Astuce 4 (Sang-froid)\r\n\r\n<strong>Talents: <\/strong>Athl\u00e9tisme 2, Bagarre 2, Commandement 2, Esquive 3, Intimidation 1, Vigilance 3\r\n<strong>Comp\u00e9tences: <\/strong>Armes \u00e0 feu 2, Conduite<strong> <\/strong>1, Etiquette 1, Furtivit\u00e9 2, M\u00eal\u00e9e 2, Technologie 2\r\n<strong>Connaissances:<\/strong> Investigation 3, Langues 1, Lois 1, Science 1\r\n<strong>Sph\u00e8res:<\/strong> Entropie 2, Mati\u00e8re 1, Psych\u00e9 3, Prime 1\r\n\r\n<strong>Historiques: <\/strong>Avatar 1, Contacts 3, Influence 2, Apparatus 3, Centre d'information 2\r\n\r\n<strong>Arete:<\/strong> 3\r\n<strong>Volont\u00e9:<\/strong> 8\r\n\r\n<strong>Foci:<\/strong> Couteau, lunettes, calepin &amp; crayon\r\n<strong>Apparatus:<\/strong> Mallette d'analyste (lecture de pr\u00e9sence Vie\/Mati\u00e8re\/Esprit)\r\n\r\n<strong>Apparence: <\/strong>De taille moyenne, les cheveux noirs attach\u00e9s en chignon sur sa nuque, Emel est d'une apparence relativement quelconque, si ce n'est son regard d'un bleu glacial, fort surprenant dans un visage \u00e0 la peau relativement h\u00e2l\u00e9e. Elle s'habille d'ordinaire de v\u00eatements stricts, appropri\u00e9s \u00e0 sa fonction d'agent de s\u00e9curit\u00e9; m\u00eame la paire de petites lunettes qu'elle porte presque en permanence est \u00e0 l'avenant, bien qu'elle n'en ait pas vraiment besoin pour voir.\r\n\r\n<!--nextpage-->\r\n\r\n<span style=\"text-decoration: underline;\"><strong>Histoire: <\/strong><\/span>\r\n\r\nN\u00e9e \u00e0 Ankara de p\u00e8re turc et de m\u00e8re allemande, Emel fut tr\u00e8s t\u00f4t marqu\u00e9e par les id\u00e9es progressives qui tendaient \u00e0 surgir dans son foyer, bien qu'ouvertement, \u00e0 l'ext\u00e9rieur, il n'en f\u00fbt jamais fait mention. Avoir de telles id\u00e9es, dans la Turquie du Sultan, \u00e9tait impensable, et plus encore pour une femme. N\u00e9anmoins, avec le soutien de ses parents, la jeune fille fut en mesure de suivre des \u00e9tudes qui lui permettraient plus tard de participer \u00e0 l'\u00e9volution de son pays, et lorsque Mustafa Kemal mit un terme au pouvoir du Sultan en 1922, lorsque Ankara devint la capitale et que d'autres id\u00e9es se firent jour, Emel sut que c'\u00e9tait pour un tel homme qu'elle se devait de travailler.\r\n\r\nApr\u00e8s son Eveil, elle fut tr\u00e8s vite enr\u00f4l\u00e9e par le Nouvel Ordre Mondial en tant qu'agent de terrain, et grimpa rapidement les \u00e9chelons jusqu'\u00e0 ce qui devait s'av\u00e9rer son premier v\u00e9ritable poste d'importance: chef de la S\u00e9curit\u00e9 lors de la r\u00e9ception donn\u00e9e par le Ministre des Affaires Etrang\u00e8res Tevfik Aras pour la remise officielle de l'\u00e9p\u00e9e Shamkiij, passant des mains de l'Union Sovi\u00e9tique \u00e0 celles de la Turquie. Lors de cette r\u00e9ception, l'\u00e9p\u00e9e fut vol\u00e9e, ainsi qu'une tentative d'empoisonnement commise contre les grands pontes en pr\u00e9sence. Jan Peter, Ziya Abalan et Emel sont toutefois parvenus, apr\u00e8s quelques p\u00e9rip\u00e9ties fort mouvement\u00e9es, \u00e0 r\u00e9cup\u00e9rer l'Artefact. Suite \u00e0 cela, sur un coup de fil de la part de l'Atat\u00fcrk en personne, elle a secr\u00e8tement aid\u00e9 Jan Peter \u00e0 gagner un avion de l'a\u00e9ropostale afin d'\u00e9chapper aux agents sovi\u00e9tiques de la Technocratie, s'attirant ainsi l'estime de Kemal... de fa\u00e7on non-officielle, bien s\u00fbr.","protected":false},"excerpt":{"rendered":"<p>Fiche de personnage: Nom: Emel Iskan Nature: Progressiste Comportement: Perfectionniste Essence: Questive Convention: Nouvel Ordre Mondial Concept: Agent de Renseignements Physique: Force 2, Dext\u00e9rit\u00e9 3, Vigueur 3 Social: Charisme 2, Manipulation 2, Apparence 2 Mental: Perception 4 (Observateur), Intelligence 2, Astuce 4 (Sang-froid) Talents: Athl\u00e9tisme 2, Bagarre 2, Commandement 2, Esquive 3, Intimidation 1, Vigilance [&hellip;]<\/p>\n","protected":false},"author":2,"featured_media":0,"parent":21,"menu_order":8,"comment_status":"open","ping_status":"open","template":"","meta":{"footnotes":""},"class_list":["post-149","page","type-page","status-publish","hentry"],"_links":{"self":[{"href":"http:\/\/www.yzabel.net\/mage\/wp-json\/wp\/v2\/pages\/149","targetHints":{"allow":["GET"]}}],"collection":[{"href":"http:\/\/www.yzabel.net\/mage\/wp-json\/wp\/v2\/pages"}],"about":[{"href":"http:\/\/www.yzabel.net\/mage\/wp-json\/wp\/v2\/types\/page"}],"author":[{"embeddable":true,"href":"http:\/\/www.yzabel.net\/mage\/wp-json\/wp\/v2\/users\/2"}],"replies":[{"embeddable":true,"href":"http:\/\/www.yzabel.net\/mage\/wp-json\/wp\/v2\/comments?post=149"}],"version-history":[{"count":2,"href":"http:\/\/www.yzabel.net\/mage\/wp-json\/wp\/v2\/pages\/149\/revisions"}],"predecessor-version":[{"id":413,"href":"http:\/\/www.yzabel.net\/mage\/wp-json\/wp\/v2\/pages\/149\/revisions\/413"}],"up":[{"embeddable":true,"href":"http:\/\/www.yzabel.net\/mage\/wp-json\/wp\/v2\/pages\/21"}],"wp:attachment":[{"href":"http:\/\/www.yzabel.net\/mage\/wp-json\/wp\/v2\/media?parent=149"}],"curies":[{"name":"wp","href":"https:\/\/api.w.org\/{rel}","templated":true}]}}