{"id":30,"date":"2007-08-15T15:18:38","date_gmt":"2007-08-15T20:18:38","guid":{"rendered":"http:\/\/www.yzabel.net\/mage\/principaux-personnages\/les-personnages-de-lpda\/christine-hernard"},"modified":"2008-06-28T17:17:10","modified_gmt":"2008-06-28T15:17:10","slug":"christine-hernard","status":"publish","type":"page","link":"http:\/\/www.yzabel.net\/mage\/principaux-personnages\/les-personnages-de-lpda\/christine-hernard","title":{"rendered":"Christine Hernard"},"content":{"rendered":"<em>D\u00e9vou\u00e9e - Desempar\u00e9e - Tra\u00eftresse<\/em>\r\n\r\nChristine Hernard, tout comme sa fille Marie, se trouve \u00eatre la victime\u00a0principale des machinations de son ancien ami et coll\u00e8gue, Guido Sardenia. De plus, le fait qu'elle ait contribu\u00e9 \u00e0\u00a0provoquer l'assassinat de Simon Kopa\u00e7ek, sur qui elle avait plac\u00e9 son dernier\u00a0espoir de d\u00e9livrance, n'a fait qu'accro\u00eetre encore davantage les sentiments de peine et de culpabilit\u00e9 qui d\u00e9vorent son esprit jour apr\u00e8s jour. Le fait de voir son unique enfant \u00eatre tortur\u00e9 ainsi sous ses yeux,\u00a0sans pouvoir rien faire pour le sauver, aurait pu ais\u00e9ment briser son ego, et la r\u00e9duire \u00e0 l'\u00e9tat d'\u00e9pave sanglotante.\r\n\r\nMais cette scientifique de g\u00e9nie n'a pas pour habitude de baisser les bras. Marie, est la manifestation physique du\u00a0dernier lien affectif la reliant encore \u00e0 une \u00e9poque, \u00e0 une vie o\u00f9 tout semblait plus simple, plus pur. Elle est parfaitement consciente de tous les projets\u00a0qu'elle a\u00a0r\u00e9alis\u00e9\u00a0tout au long\u00a0de sa carri\u00e8re au sein de la Technocratie Europ\u00e9enne, ainsi que du nombre d'amis qu'elle a pu s'y faire. Mais toutes ces amiti\u00e9s trahies, voire m\u00eame l'abandon de ses propres convictions, ne pesent pas bien lourd dans son esprit face \u00e0 un pass\u00e9 qui devient de plus en plus difficile \u00e0 ignorer. Christine Hernard pr\u00e9pare donc en secret ce qu'elle consid\u00e8re comme son ultime trahison vis-\u00e0-vis des siens, ses pens\u00e9es paradoxalement tourn\u00e9es vers le pass\u00e9 plut\u00f4t que vers le futur.\r\n\r\nElle doit bien cela \u00e0 sa fille.","protected":false},"excerpt":{"rendered":"<p>D\u00e9vou\u00e9e &#8211; Desempar\u00e9e &#8211; Tra\u00eftresse Christine Hernard, tout comme sa fille Marie, se trouve \u00eatre la victime\u00a0principale des machinations de son ancien ami et coll\u00e8gue, Guido Sardenia. De plus, le fait qu&#8217;elle ait contribu\u00e9 \u00e0\u00a0provoquer l&#8217;assassinat de Simon Kopa\u00e7ek, sur qui elle avait plac\u00e9 son dernier\u00a0espoir de d\u00e9livrance, n&#8217;a fait qu&#8217;accro\u00eetre encore davantage les sentiments [&hellip;]<\/p>\n","protected":false},"author":2,"featured_media":0,"parent":18,"menu_order":10,"comment_status":"open","ping_status":"open","template":"","meta":{"footnotes":""},"class_list":["post-30","page","type-page","status-publish","hentry"],"_links":{"self":[{"href":"http:\/\/www.yzabel.net\/mage\/wp-json\/wp\/v2\/pages\/30","targetHints":{"allow":["GET"]}}],"collection":[{"href":"http:\/\/www.yzabel.net\/mage\/wp-json\/wp\/v2\/pages"}],"about":[{"href":"http:\/\/www.yzabel.net\/mage\/wp-json\/wp\/v2\/types\/page"}],"author":[{"embeddable":true,"href":"http:\/\/www.yzabel.net\/mage\/wp-json\/wp\/v2\/users\/2"}],"replies":[{"embeddable":true,"href":"http:\/\/www.yzabel.net\/mage\/wp-json\/wp\/v2\/comments?post=30"}],"version-history":[{"count":0,"href":"http:\/\/www.yzabel.net\/mage\/wp-json\/wp\/v2\/pages\/30\/revisions"}],"up":[{"embeddable":true,"href":"http:\/\/www.yzabel.net\/mage\/wp-json\/wp\/v2\/pages\/18"}],"wp:attachment":[{"href":"http:\/\/www.yzabel.net\/mage\/wp-json\/wp\/v2\/media?parent=30"}],"curies":[{"name":"wp","href":"https:\/\/api.w.org\/{rel}","templated":true}]}}