{"id":5,"date":"2007-07-30T12:45:07","date_gmt":"2007-07-30T17:45:07","guid":{"rendered":"http:\/\/www.yzabel.net\/mage\/principaux-personnages"},"modified":"2007-08-15T18:31:52","modified_gmt":"2007-08-15T23:31:52","slug":"principaux-personnages","status":"publish","type":"page","link":"http:\/\/www.yzabel.net\/mage\/principaux-personnages","title":{"rendered":"Principaux personnages"},"content":{"rendered":"Dans l'Antiquit\u00e9, la \"persona\" est le masque que les acteurs de th\u00e9\u00e2tre portaient afin de jouer des r\u00f4les tragiques. La bouche de ce masque \u00e9tait souvent aggrandie, afin de servir de porte-voix \u00e0 ces acteurs jouant parfois devant des dizaines de milliers de spectateurs.","protected":false},"excerpt":{"rendered":"<p>Dans l&#8217;Antiquit\u00e9, la &#8220;persona&#8221; est le masque que les acteurs de th\u00e9\u00e2tre portaient afin de jouer des r\u00f4les tragiques. La bouche de ce masque \u00e9tait souvent aggrandie, afin de servir de porte-voix \u00e0 ces acteurs jouant parfois devant des dizaines de milliers de spectateurs.<\/p>\n","protected":false},"author":2,"featured_media":0,"parent":0,"menu_order":3,"comment_status":"closed","ping_status":"open","template":"","meta":{"footnotes":""},"class_list":["post-5","page","type-page","status-publish","hentry"],"_links":{"self":[{"href":"http:\/\/www.yzabel.net\/mage\/wp-json\/wp\/v2\/pages\/5","targetHints":{"allow":["GET"]}}],"collection":[{"href":"http:\/\/www.yzabel.net\/mage\/wp-json\/wp\/v2\/pages"}],"about":[{"href":"http:\/\/www.yzabel.net\/mage\/wp-json\/wp\/v2\/types\/page"}],"author":[{"embeddable":true,"href":"http:\/\/www.yzabel.net\/mage\/wp-json\/wp\/v2\/users\/2"}],"replies":[{"embeddable":true,"href":"http:\/\/www.yzabel.net\/mage\/wp-json\/wp\/v2\/comments?post=5"}],"version-history":[{"count":0,"href":"http:\/\/www.yzabel.net\/mage\/wp-json\/wp\/v2\/pages\/5\/revisions"}],"wp:attachment":[{"href":"http:\/\/www.yzabel.net\/mage\/wp-json\/wp\/v2\/media?parent=5"}],"curies":[{"name":"wp","href":"https:\/\/api.w.org\/{rel}","templated":true}]}}