{"id":53,"date":"2007-10-06T01:19:53","date_gmt":"2007-10-06T06:19:53","guid":{"rendered":"http:\/\/www.yzabel.net\/mage\/principaux-personnages\/les-personnages-de-lpda\/anna-delay"},"modified":"2008-09-22T20:29:35","modified_gmt":"2008-09-22T18:29:35","slug":"anna-delay","status":"publish","type":"page","link":"http:\/\/www.yzabel.net\/mage\/principaux-personnages\/les-personnages-de-lpda\/anna-delay","title":{"rendered":"Anna Delay"},"content":{"rendered":"<img loading=\"lazy\" decoding=\"async\" src=\"http:\/\/www.yzabel.net\/mage\/wp-content\/uploads\/2008\/09\/anna_delay.jpg\" alt=\"Anna Delay\" width=\"200\" height=\"200\" align=\"left\" hspace=\"5\" \/><em>N\u00e9e le:<\/em> 18 avril 1978\r\n\r\n<em>Taille:<\/em> 1,77 m\r\n\r\n<em>Poids:<\/em> 55 kgs\r\n\r\n<em>Etudes poursuivies:<\/em> Licence de maths-info (=3\u00e8me ann\u00e9e) \u00e0 l'Universit\u00e9 Louis Pasteur de Strasbourg. Elle a un an d'avance, ayant saut\u00e9 le CM2.\r\n\r\n<em>Elle aime:<\/em> Le th\u00e9 glac\u00e9, R.E.M., le rock progressif, l'informatique, \u00e9tudier la Kabbale, papoter avec Audrinn, et faire tourner les Herm\u00e9tistes en bourrique.\r\n\r\n<em>Elle d\u00e9teste:<\/em> Les rabat-joie qui ne savent pas s'amuser, Bill Gates, les sitcoms fran\u00e7ais (instruments du Nouvel Ordre Mondial!), le RU de l'Esplanade et sa voisine du dessus (qui r\u00e2le quand elle fait venir des amis sous pr\u00e9texte qu'ils sont bruyants, m\u00eame que ce n'est pas -vraiment- le cas).\r\n\r\n<em>Description:<\/em> Anna est une grande jeune fille aux cheveux blonds coup\u00e9s courts, aux yeux gris et au style quelque peu \"gar\u00e7on manqu\u00e9\". Active et souriante, elle semble ne jamais \u00eatre capable de tenir en place plus de cinq minutes, et il y a fort \u00e0 parier que sa curiosit\u00e9 la perdra un jour. V\u00e9ritable g\u00e9nie de l'informatique, condamn\u00e9e \u00e0 dissimuler son don derri\u00e8re le simple talent \"d'une \u00e9l\u00e8ve plus dou\u00e9e que la moyenne\" afin de ne pas trop se faire remarquer par la Technocratie, elle fait parfois preuve, de fa\u00e7on plus qu'\u00e9trange, d'une tendance \u00e0 annoncer certains \u00e9v\u00e9nements futurs sans m\u00eame s'en rendre compte (chose qui n'est jamais \u00e0 l'avantage des PJs).\r\n\r\n<em>Historique:<\/em> Anna est n\u00e9e \u00e0 Paris, et y a toujours habit\u00e9 jusqu'\u00e0 l'ann\u00e9e de ses dix-sept ans, apr\u00e8s quoi elle s'est soudain d\u00e9couvert le besoin fondamental de partir \u00e9tudier dans une autre ville, sous pr\u00e9texte de vouloir apprendre \u00e0 se d\u00e9brouiller seule d\u00e8s que possible. Ceci n'est pas all\u00e9 sans causer bien des tracas au niveau familial, bien qu'elle soit finalement parvenue \u00e0 persuader ses parents de la laisser partir. La v\u00e9ritable raison de cette d\u00e9cision \u00e9tait toutefois bien diff\u00e9rente. D'une part, Anna cherchait \u00e0 mettre une certaine distance entre Paris et elle suite \u00e0 quelques petits diff\u00e9rends qu'elle-m\u00eame et son amie l'Eth\u00e9rite Kat avaient eus avec la Technocratie locale; d'autre part, \u00e0 Strabourg se trouvait Simon Kopacek, avec qui elle \u00e9tait entr\u00e9e en contact par l'interm\u00e9diaire d'Hugo, et elle d\u00e9sirait tout simplement en savoir plus sur les activit\u00e9s strasbourgeoises de sa Tradition.\r\n\r\n<em>Avatar:<\/em> L'Avatar d'Anna, qui r\u00e9pond au nom de \"Audrinn\", ne lui appara\u00eet que dans la Toile Num\u00e9rique, ou, la plupart du temps, par l'interm\u00e9diaire de son ordinateur Trinaire, sous la forme d'un petit smiley jaune. Audrinn est pour le moins bizarre, tout aussi exub\u00e9rant que son mage, et il n'est pas toujours \u00e9vident de les d\u00e9marquer lorsqu'il s'agit de savoir qui des deux se fourrera dans les ennuis jusqu'au cou plus vite que l'autre.\r\n<p align=\"center\">***<\/p>\r\n\r\nA c\u00f4t\u00e9 de ses \u00e9tudes, Anna s'int\u00e9resse bien entendu \u00e0 son apprentissage en tant qu'Adepte du Virtuel, mais aussi \u00e0 l'\u00e9tude de la Kabbale et de l'Arbre s\u00e9phirotique; une personne non-avertie trouvera d'ailleurs \u00e9trange le contenu de sa biblioth\u00e8que, o\u00f9 des ouvrages de Gershom Scholem, Henri S\u00e9rouya et Yeschayahou Leibowitz c\u00f4toient Bergson, <em>La Th\u00e9orie du Chaos<\/em> et la biographie d'Alan Turing. Bon... Son bureau est encore plus bizarre, dans le genre \"on se casse la figure sur les c\u00e2bles et les quatre PC qui y sont install\u00e9s\" (mais qu'est-ce qu'elle peut bien faire avec tout ce fatras?). Par contre, on ne se prend pas les pieds dans le manuel d'utilisation de Windows 95, parce qu'il sert \u00e0 caler l'une des biblioth\u00e8ques en question.\r\n\r\nN'exag\u00e9rons pas non plus, Anna n'ignore absolument pas ce que c'est que d'aller au cin\u00e9ma, boire un pot le soir ou faire du l\u00e8che-vitrines. Comme elle n'est par d\u00e9finition en rien une asociale, elle a bien \u00e9videmment des amis, \u00e0 la fac et en-dehors. Notons les principaux d'entre eux (c'est-\u00e0-dire les meilleurs potes):\r\n<ul>\r\n\t<li>Dominique, un sympathique rouquin qui suit les m\u00eames cours qu'elle.<\/li>\r\n\t<li>Sacha, \u00e9tudiant en biologie, colocataire de Dominique dans leur trois-pi\u00e8ces \u00e0 l'Esplanade.<\/li>\r\n\t<li>Aur\u00e9lie, elle aussi en maths-info, mais seulement en deuxi\u00e8me ann\u00e9e de DEUG.<\/li>\r\n<\/ul>\r\nQuant \u00e0 d'autres connaissances un peu moins proches, quelques noms:\r\n<ul>\r\n\t<li>Caroline, qui travaille le soir au Trou o\u00f9 la petite bande se r\u00e9unit parfois.<\/li>\r\n\t<li>Thomas, ancien \u00e9l\u00e8ve d'hypokh\u00e2gne, responsable du rayon BD\/manga de la FNAC.<\/li>\r\n\t<li>Olivier, m\u00eame boulot mais au rayon Th\u00e9ologie, histoire de pouvoir se pointer chez lui toutes les deux semaines pour chercher un bouquin sur la Kabbale ou le Livre d'Enoch. Persuad\u00e9 qu'Anna est juive, et pas moyen de le d\u00e9tromper.<\/li>\r\n\t<li>Maria, en fac de lettres, voisine de palier d'Anna (et qui d\u00e9teste tout autant qu'elle Mme Haeber, la vieille du cinqui\u00e8me \u00e9tage).<\/li>\r\n<\/ul>\r\n<!--nextpage-->\r\n\r\n<span style=\"text-decoration: underline;\"><strong>La petite famille:<\/strong><\/span>\r\n<p align=\"center\"><strong>Antoine Delay (alias \"Papa\")<\/strong><\/p>\r\n\r\n<a title=\"Antoine Delay\" rel=\"lightbox[pics53]\" href=\"http:\/\/www.yzabel.net\/mage\/wp-content\/uploads\/2008\/06\/antoine_delay.jpg\"><img loading=\"lazy\" decoding=\"async\" class=\"imageframe imgalignleft\" src=\"http:\/\/www.yzabel.net\/mage\/wp-content\/uploads\/2008\/06\/antoine_delay.jpg\" alt=\"Antoine Delay\" hspace=\"5\" width=\"200\" height=\"200\" align=\"left\" \/><\/a><em>N\u00e9 le: <\/em>31 mai 1951\r\n\r\n<em>Taille:<\/em> 1,89 m\r\n\r\n<em>Poids:<\/em> 79 kgs\r\n\r\n<em>Profession:<\/em> Titulaire de dipl\u00f4mes en informatique et gestion &amp; commerce. PDG depuis 1989 de DMA Informatique, entreprise parisienne sp\u00e9cialis\u00e9e dans la vente de... produits informatiques, oui.\r\n\r\n<em>Il aime:<\/em> Manger chinois, Mozart et les films d'Ingmar Bergman.\r\n\r\n<em>Il d\u00e9teste:<\/em> Les \u00e9missions de vari\u00e9t\u00e9s (surtout celles de TF1), le golf.\r\n\r\n<em>Description:<\/em> La quarantaine finissante mais encore tr\u00e8s dynamique, il a des cheveux blond-roux coup\u00e9s courts, l\u00e9g\u00e8rement grisonnants aux tempes, des yeux gris \u00e0 l'\u00e9clat vif et un visage un peu carr\u00e9. il porte souvent des lunettes \u00e0 fine monture argent\u00e9e (la vue, \u00e7a baisse vite) et s'habille g\u00e9n\u00e9ralement de fa\u00e7on \u00e9l\u00e9gante, \u00e0 la fois dans le cadre de son m\u00e9tier et pour son propre plaisir.\r\n<p align=\"center\">***<\/p>\r\n\r\n\"Papa\" est une figure centrale dans le cadre d' l'Eveil d'Anna, puisque c'est ens e promenant sur le r\u00e9seau informatique de son entreprise (c'\u00e9tait apr\u00e8s tout en 1992: on n'avait pas encore internet \u00e0 la maison comme en 1997) qu'elle a rencontr\u00e9 Vecteur Hugo, qui comme par hasard tra\u00eenait dans le coin. Il faut dire que sa fille a\u00een\u00e9e \u00e9tant en quelque sorte son \"petit g\u00e9nie\", Antoine Delay avait tendance \u00e0 lui montrer plein de petits trucs sur son ordinateur, pour ensuite la laisser le tripatouiller quelque peu, quand elle venait de temps \u00e0 autre au bureau le mercredi apr\u00e8s-midi ou apr\u00e8s les cours.\r\n\r\nAntoine travaille encore aujourd'hui dans l'entreprise de ses d\u00e9buts; ses talents lui ont permis de s'\u00e9lever dans sa hi\u00e9rarchie pour en atteindre le sommet. Ses absences sur le plan familial n'ont pas \u00e9t\u00e9 sans bien des heurts au cours des adolescences successives de ses trois enfants, mais il faut dire pour sa d\u00e9fense qu'il s'est toujours efforc\u00e9 de combler son manque de disponibilit\u00e9 en qualit\u00e9. Il a aussi tendance \u00e0 se montrer quelque peu maladroit lorsqu'il veut exprimer ses sentiments -- chose qui peut \u00e9nerver ou attendrir, c'est selon.\r\n\r\nNotons que parmi ses trois enfants, il a une l\u00e9g\u00e8re pr\u00e9f\u00e9rence pour Anna; c'est d'ailleurs lui qui l'a activement soutenue dans sa d\u00e9cision d'aller \u00e9tudier \u00e0 Strasbourg \"pour gagner son ind\u00e9pendance\"... mais il s'est d\u00e9j\u00e0 quelquefois demand\u00e9 s'il n'y avait pas autre chose pour motiver ce choix.\r\n\r\n<!--nextpage-->\r\n<p align=\"center\"><strong>Catherine Sivery-Delay (alias \"Maman)<\/strong><\/p>\r\n\r\n<img loading=\"lazy\" decoding=\"async\" class=\"imageframe imgalignleft\" src=\"http:\/\/www.yzabel.net\/mage\/wp-content\/uploads\/2008\/06\/catherine_delay.jpg\" alt=\"Catherine Delay\" hspace=\"5\" width=\"200\" height=\"200\" align=\"left\" \/><em>N\u00e9e le:<\/em> 7 octobre 1956\r\n\r\n<em>Taille:<\/em> 1,76 m\r\n\r\n<em>Poids:<\/em> 56 kgs\r\n\r\n<em>Profession:<\/em> A poursuivi des \u00e9tudes de lettres, puis d'anglais (bien qu'entrecoup\u00e9es par trois grossesses). Apr\u00e8s avoir travaill\u00e9 \u00e0 mi-temps durant plusieurs ann\u00e9es, elle a repris le chemin de la fac en 1986. Titulaire d'un CAPES de lettres et d'une agr\u00e9gation d'anglais, elle enseigne pour son plaisir \u00e0 Paris I.\r\n\r\n<em>Elle aime:<\/em> Les fruits, la peinture pr\u00e9rapha\u00e9lite, les bijoux en argent et le th\u00e9\u00e2tre.\r\n\r\n<em>Elle d\u00e9teste:<\/em> C\u00e9zanne, la couleur orange, les embouteillages et l'odeur de tabac froid.\r\n\r\n<em>Description:<\/em> Grande femme \u00e0 la chevelure blonde impeccablement coiff\u00e9e et au teint tr\u00e8s clair, elle para\u00eet un peu plus jeune que son \u00e2ge r\u00e9el, peut-\u00eatre parce qu'elle a l'art et la mani\u00e8re de choisir le maquillage lui convenant exactement. Elle a des yeux d'un vert profond, un nez fin, des traits r\u00e9guliers et un visage ovale au menton pointu. Si Anna tient physiquement de ses deux parents, on peut en tous cas dire que c'est de sa m\u00e8re qu'elle a h\u00e9rit\u00e9 son sourire -- le rouge \u00e0 l\u00e8vres en moins.\r\n\r\n\"Maman\" a l'air \u00e0 premi\u00e8re vue  calme et quelque peu timide, mais c'est une eau dormante, ce qu'ont d\u00e9couvert \u00e0 leurs d\u00e9pens certains de ses \u00e9l\u00e8ves: elle se r\u00e9v\u00e8le en effet tr\u00e8s \u00e9nergique lorsque quelqu'un lui tient t\u00eate, et a le chic pour obtenir ce qu'elle veut en ass\u00e9nant des arguments imparables. Catherine Delay sait se montrer ferme... et a aussi tendance \u00e0 fourrer son nez partout (mais pas autant que sa fille!). Cependant, Maman reste Maman, et lorsqu'on s'appelle Anna ou Camille, il y a des choses qu'on ne peut raconter \u00e0 personne d'autre qu'\u00e0 se m\u00e8re.\r\n\r\nCatherine a \u00e9t\u00e9 tr\u00e8s r\u00e9ticente, au d\u00e9but, \u00e0 l'id\u00e9e de laisser partir sa fille a\u00een\u00e9e seule \u00e0 l'autre bout de la France, mais les arguments de son \u00e9poux, l'enthousiasme d'Anna et les taquineries de Laurent au sujet de la \"m\u00e8re-poule\" l'ont finalement convaincue.\r\n<p align=\"center\">***<\/p>\r\n\r\nAntoine et Catherine se sont mari\u00e9s jeunes (en 1975), apr\u00e8s s'\u00eatre connus au lyc\u00e9e, et ont r\u00e9ussi cet incroyable pari de terminer leurs \u00e9tudes et (re)trouver du travail m\u00eame avec trois enfants. Sur le plan relationnel, ils ont tendance \u00e0 se lancer r\u00e9guli\u00e8rement de petites piques somme toutes gentillettes; comme leurs \"disputes\" se terminent toujours bien, leurs enfants ont pris le parti d'en rire... et eux aussi. Bien entendu, si dans sa cellule de base, la famille Delay est suffisamment unie pour ne pas \u00e9clater \u00e0 la premi\u00e8re difficult\u00e9 venue, elle n'est pas \u00e0 l'abri des petits probl\u00e8mes communs \u00e0 sensiblement tout le monde... Personne n'a jamais vu Anna et Camille s'engueuler copieusement, ou Laurent vitup\u00e9rer parce qu'il est en retard \u00e0 un rendez-vous et que personne ne l'a r\u00e9veill\u00e9?<!--nextpage-->\r\n<p align=\"center\"><strong>Laurent Delay (alias \"Marmotte\")<\/strong><\/p>\r\n\r\n<img loading=\"lazy\" decoding=\"async\" class=\"imageframe imgalignleft\" src=\"http:\/\/www.yzabel.net\/mage\/wp-content\/uploads\/2008\/06\/laurent_delay.jpg\" alt=\"Laurent Delay\" hspace=\"5\" width=\"200\" height=\"200\" align=\"left\" \/><em>N\u00e9 le:<\/em> 2 ao\u00fbt 1976\r\n\r\n<em>Taille<\/em>: 1,87 m\r\n\r\n<em>Poids: <\/em>75 kgs\r\n\r\n<em>Etudes poursuivies:<\/em> Quatri\u00e8me ann\u00e9e de droit \u00e0 la Sorbonne. Se pr\u00e9pare une belle carri\u00e8re d'avocat, \u00e0 moins que son gros d\u00e9faut (voir plus bas) ne lui joue des tours!\r\n\r\n<em>Il aime: <\/em>Le tennis, la photographie, les comics, faire la f\u00eate et le caf\u00e9(!).\r\n\r\n<em>Il d\u00e9teste:<\/em> Le rap, Patrick S\u00e9bastien, le calamar et <em>Windows<\/em>.\r\n<em>Description:<\/em> Laurent est un grand jeune homme rieur aussi blond que sa m\u00e8re, aux m\u00eames yeux verts et au sourire plein de fossettes qui a l'avantage de rendre plus enclins au pardon ceux qui ont des reproches \u00e0 lui faire -- surtout lorsqu'il prend en plus son air contrit totalement d\u00e9sarmant. Il met des costumes-cravate pour aller en cours, mais dans la vie courante, son style vestimentaire est plut\u00f4t d\u00e9contract\u00e9, ce qui va mieux avec son comportement, et surtout avec ses cheveux impossibles \u00e0 discipliner.\r\n\r\nLaurent souffre apparemment d'une dr\u00f4le de maladie incurable ayant pour nom \"retard chronique\", qui lui a d\u00e9j\u00e0 valu quelques petits probl\u00e8mes de par le pass\u00e9 (et ce n'est s\u00fbrement pas fini). Sa tendance \u00e0 \"oublier\" de mettre son r\u00e9veil -- et \u00e0 \"oublier\" de se lever par la m\u00eame occasion -- lui a valu le surnom \u00f4 combien \u00e9vocateur de \"Marmotte\"; tout le monde a d'ailleurs pris depuis longtemps l'habitude de le voir d\u00e9valer l'escalier, sacoche dans une mainet peigne dans l'autre, sans m\u00eame prendre le temps de manger un morceau, pour attrapper son m\u00e9tro du matin et aller en cours en esp\u00e9rant arriver \u00e0 temps. Cela est somme toute le seul \"gros\" d\u00e9faut de ce gar\u00e7on enjou\u00e9 et intelligent \u00e0 l'optimisme \u00e0 toute \u00e9preuve; qui plus est, Laurent est de tr\u00e8s bonne compagnie, ce qui ne g\u00e2che rien.\r\n\r\nPlus encore que de sa soeur, c'est de lui qu'Anna se sent le plus proche, peut-\u00eatre parce qu'ils n'ont que deux ans d'\u00e9cart. Tous deux ont fait les quatre cents coups ensemble lorsqu'ils \u00e9taient plus jeunes, se sont affront\u00e9s gentiment \u00e0 grand renfort de jeux vid\u00e9os (on commence par la NES et on finit par la PlayStation) et de concours de b\u00eatises (c'\u00e9tait bien entendu \u00e0 qui en inventerait la plus grosse), et ont fait bien souvent tourner les parents en bourrique. La p\u00e9riode de l'adolescence les a un peu s\u00e9par\u00e9s durant deux-trois ans, chacun avec son cercle d'amis et ses centres d'int\u00e9r\u00eat, mais aujourd'hui, lorsqu'Anna rentre de temps \u00e0 autre \u00e0 Paris, ils sont \u00e0 nouveau fourr\u00e9s ensemble pour aller faire un tour chez Album, tra\u00eener \u00e0 la FNAC du Ch\u00e2telet ou squatter le lecteur DVD durant toute une soir\u00e9e (pour regarder les derni\u00e8res sorties en anime, entre autres). Et plus encore que leur p\u00e8re, Laurent a ses petites hypoth\u00e8ses perso sur les <em>vraies<\/em> raisons du d\u00e9part de sa soeur pour Strasbourg (\"Je suis s\u00fbr qu'elle a un petit ami... Mais pourquoi elle ne veut pas nous le pr\u00e9senter?\").<!--nextpage-->\r\n<p align=\"center\"><strong>Camille Delay (alias \"Boule-de-nerfs\")<\/strong><\/p>\r\n\r\n<img loading=\"lazy\" decoding=\"async\" class=\"imageframe imgalignleft\" src=\"http:\/\/www.yzabel.net\/mage\/wp-content\/uploads\/2008\/06\/camille_delay.jpg\" alt=\"Camille Delay\" hspace=\"5\" width=\"200\" height=\"200\" align=\"left\" \/><em>N\u00e9e le: <\/em>22 septembre 1982\r\n\r\n<em>Taille:<\/em> 1,68 m\r\n\r\n<em>Poids:<\/em> 52 kgs\r\n\r\n<em>Etudes poursuivies:<\/em> Actuellement en classe de seconde au lyc\u00e9e Louis Le Grand. Se destine \u00e0 un bac ES, puis \u00e0 des \u00e9tudes de langues (sans doute L.E.A. en vue d'une potentielle carri\u00e8re de journaliste).\r\n\r\n<em>Elle aime:<\/em> Les g\u00e2teaux, se maquiller, jouer du piano et aller au cin\u00e9ma.\r\n\r\n<em>Elle d\u00e9teste:<\/em> Son prof de maths, le sport, les jeux vid\u00e9os et les sales blagues de Laurent.\r\n\r\n<em>Description:<\/em> Adolescente blonde aux cheveux coup\u00e9s au carr\u00e9 et aux yeux bleu, Camille a plut\u00f4t tendance \u00e0 s'habiller de fa\u00e7on assez \u00e9l\u00e9gante, voire recherch\u00e9e (on sent l'influence de Maman). Contrairement \u00e0 sa soeur, elle passe vingt bonnes minutes \u00e0 se maquiller tous les matins, et a l'habitude de se promener en talons hauts (elle aimerait bien \u00eatre aussi grande qu'Anna). Au niveau comportemental, elle est plut\u00f4t s\u00e9rieuse... et un peu hautaine avec certaines personnes.\r\n\r\nLa moindrechose que l'on puisse dire, c'est que Camille ne ressemble pas \u00e0 ses a\u00een\u00e9s. Elle passerait m\u00eame plut\u00f4t son temps \u00e0 regarder de haut leurs \"passe-temps d\u00e9biles\" (animation, jeux vid\u00e9os...) et \u00e0 leur dire de se comporter un peu plus en adultes et pas en ados attard\u00e9s, d'o\u00f9 un certain nombre de conflits fraternels. En fait, Camille est plut\u00f4t \"coin\u00e7ouille\" par certains c\u00f4t\u00e9s, et son int\u00e9r\u00eat tournant parfois \u00e0 l'obssession concernant ses r\u00e9sultats scolaires (\"Je veux \u00eatre la meilleure!\") lui a attir\u00e9 bien \u00e9videmment les taquineries de son fr\u00e8res et plusieurs surnoms plus ou moins justifi\u00e9s (d'ailleurs, quand elle squatte la salle de bains, rien de tel que de l'appeler \"Barbie\" pour la faire sortir en trombe, pas contente du tout). Laurent a pris pour philosophie de la chambrer le plus possible pour la d\u00e9coincer un peu, mais cela ne conduit le plus souvent qu'\u00e0 des remarques acerbes en \u00e9change, surtout si le cher fr\u00e9rot enfonce bien le clou. Bien s\u00fbr, Camille boude et Anna rigole, et ce sont ensuite les deux soeurs qui finissent par se houspiller. Il n'y a pas \u00e0 dire, Anna l'aime beaucoup, mais n'arrive pas toujours \u00e0 la comprendre. Selon elle, Camille se comporte justement comme \u00e7a pour qu'on la prenne pour une adulte; selon Laurent, leur soeur a simplement d\u00fb avaler un balai quand elle \u00e9tait petite.\r\n\r\nLa v\u00e9rit\u00e9, c'est que Camille est tout simplement jalouse de sa soeur: parce qu'elle se permet de dire ce qu'elle pense, qu'elle r\u00e9ussit \u00e0 se faire un tas d'amis en quelques minutes, qu'elle est dou\u00e9e en informatique, qu'elle est la pr\u00e9f\u00e9r\u00e9e de Papa... Alors, inconsciemment, elle compense en se comportant diff\u00e9remment , en se r\u00e9fugiant du c\u00f4t\u00e9 de Maman et en essayant de rabaisser Anna quand elle le peut. \"Et puis on fait pareil avec Laurent, parce qu'il est vraiment trop b\u00eate avec ses blagues d\u00e9biles.\" Quand Anna est \u00e0 Strasbourg, il n'y a aucun probl\u00e8me; mais quand elle rentre, Camille a le sentiment qu'il n'y en a plus que pour elle, d'o\u00f9 probl\u00e8mes...","protected":false},"excerpt":{"rendered":"<p>N\u00e9e le: 18 avril 1978 Taille: 1,77 m Poids: 55 kgs Etudes poursuivies: Licence de maths-info (=3\u00e8me ann\u00e9e) \u00e0 l&#8217;Universit\u00e9 Louis Pasteur de Strasbourg. Elle a un an d&#8217;avance, ayant saut\u00e9 le CM2. Elle aime: Le th\u00e9 glac\u00e9, R.E.M., le rock progressif, l&#8217;informatique, \u00e9tudier la Kabbale, papoter avec Audrinn, et faire tourner les Herm\u00e9tistes en [&hellip;]<\/p>\n","protected":false},"author":2,"featured_media":0,"parent":18,"menu_order":4,"comment_status":"closed","ping_status":"open","template":"","meta":{"footnotes":""},"class_list":["post-53","page","type-page","status-publish","hentry"],"_links":{"self":[{"href":"http:\/\/www.yzabel.net\/mage\/wp-json\/wp\/v2\/pages\/53","targetHints":{"allow":["GET"]}}],"collection":[{"href":"http:\/\/www.yzabel.net\/mage\/wp-json\/wp\/v2\/pages"}],"about":[{"href":"http:\/\/www.yzabel.net\/mage\/wp-json\/wp\/v2\/types\/page"}],"author":[{"embeddable":true,"href":"http:\/\/www.yzabel.net\/mage\/wp-json\/wp\/v2\/users\/2"}],"replies":[{"embeddable":true,"href":"http:\/\/www.yzabel.net\/mage\/wp-json\/wp\/v2\/comments?post=53"}],"version-history":[{"count":0,"href":"http:\/\/www.yzabel.net\/mage\/wp-json\/wp\/v2\/pages\/53\/revisions"}],"up":[{"embeddable":true,"href":"http:\/\/www.yzabel.net\/mage\/wp-json\/wp\/v2\/pages\/18"}],"wp:attachment":[{"href":"http:\/\/www.yzabel.net\/mage\/wp-json\/wp\/v2\/media?parent=53"}],"curies":[{"name":"wp","href":"https:\/\/api.w.org\/{rel}","templated":true}]}}