{"id":59,"date":"2007-08-28T13:33:16","date_gmt":"2007-08-28T18:33:16","guid":{"rendered":"http:\/\/www.yzabel.net\/mage\/les-lieux-de-lintrigue"},"modified":"2008-07-28T21:17:50","modified_gmt":"2008-07-28T19:17:50","slug":"les-lieux-de-lintrigue","status":"publish","type":"page","link":"http:\/\/www.yzabel.net\/mage\/les-lieux-de-lintrigue","title":{"rendered":"Les lieux de l&#8217;intrigue"},"content":{"rendered":"L'intrigue de La Pierre de l'Ange, au sens g\u00e9n\u00e9ral du terme, a permis \u00e0 nos personnages de voyager en bien des endroits, dont voici la liste:\r\n\r\n<em>ReDux (1927):<\/em>\r\n<ul>\r\n\t<li>Vienne<\/li>\r\n\t<li>Budapest<\/li>\r\n\t<li>Targujiu<\/li>\r\n\t<li>Le Mont Parangu<\/li>\r\n\t<li>Istanbul<\/li>\r\n\t<li>Londres<\/li>\r\n<\/ul>\r\n<p style=\"font-style: italic\">La Pierre de l'Ange (1997):<\/p>\r\n\r\n<ul>\r\n\t<li>Strasbourg<\/li>\r\n\t<li>Strasbourg de l'autre c\u00f4t\u00e9 du miroir<\/li>\r\n\t<li>Doissetep (royaume d'Horizon)<\/li>\r\n\t<li>New-York<\/li>\r\n<\/ul>","protected":false},"excerpt":{"rendered":"<p>L&#8217;intrigue de La Pierre de l&#8217;Ange, au sens g\u00e9n\u00e9ral du terme, a permis \u00e0 nos personnages de voyager en bien des endroits, dont voici la liste: ReDux (1927): Vienne Budapest Targujiu Le Mont Parangu Istanbul Londres La Pierre de l&#8217;Ange (1997): Strasbourg Strasbourg de l&#8217;autre c\u00f4t\u00e9 du miroir Doissetep (royaume d&#8217;Horizon) New-York<\/p>\n","protected":false},"author":3,"featured_media":0,"parent":0,"menu_order":2,"comment_status":"closed","ping_status":"open","template":"","meta":{"footnotes":""},"class_list":["post-59","page","type-page","status-publish","hentry"],"_links":{"self":[{"href":"http:\/\/www.yzabel.net\/mage\/wp-json\/wp\/v2\/pages\/59","targetHints":{"allow":["GET"]}}],"collection":[{"href":"http:\/\/www.yzabel.net\/mage\/wp-json\/wp\/v2\/pages"}],"about":[{"href":"http:\/\/www.yzabel.net\/mage\/wp-json\/wp\/v2\/types\/page"}],"author":[{"embeddable":true,"href":"http:\/\/www.yzabel.net\/mage\/wp-json\/wp\/v2\/users\/3"}],"replies":[{"embeddable":true,"href":"http:\/\/www.yzabel.net\/mage\/wp-json\/wp\/v2\/comments?post=59"}],"version-history":[{"count":0,"href":"http:\/\/www.yzabel.net\/mage\/wp-json\/wp\/v2\/pages\/59\/revisions"}],"wp:attachment":[{"href":"http:\/\/www.yzabel.net\/mage\/wp-json\/wp\/v2\/media?parent=59"}],"curies":[{"name":"wp","href":"https:\/\/api.w.org\/{rel}","templated":true}]}}