{"id":64,"date":"2007-08-28T14:06:34","date_gmt":"2007-08-28T19:06:34","guid":{"rendered":"http:\/\/www.yzabel.net\/mage\/principaux-personnages\/les-personnages-de-redux\/grygor"},"modified":"2008-10-08T16:40:39","modified_gmt":"2008-10-08T14:40:39","slug":"grygor","status":"publish","type":"page","link":"http:\/\/www.yzabel.net\/mage\/principaux-personnages\/les-personnages-de-redux\/grygor","title":{"rendered":"Grygor"},"content":{"rendered":"<em>Sinistre - Manipulateur - Obsessionnel<\/em>\r\n\r\nAvec sa voix au ton froid et sarcastique, ainsi qu'avec son regard empli d'une lueur que certains qualifieraient d'inhumaine, il est tr\u00e8s difficile pour Grygor de passer inaper\u00e7u. Mais cela n'est qu'un simple obstacle, une barri\u00e8re quasiment impalpable pour cet \u00e9trange sorcier dont les noirs habits semblent souvent se fondre dans les ombres environnantes.\r\n\r\nToutes ses pens\u00e9es, tous ses actions semblent pr\u00e9par\u00e9es avec la m\u00e9ticulosit\u00e9 d'une araign\u00e9e. Cependant, cela n'est qu'une illusion savamment entretenue au-travers de d\u00e9cennies de recherches f\u00e9briles et d'un calvaire ininterrompu. En son for int\u00e9rieur, Grygor est d\u00e9vor\u00e9 par une soif inextinguible, un d\u00e9sir imp\u00e9rieux de reconnaissance et de gloire. A cela semble s'ajouter une peur quasi atavique de la mort.\r\n\r\nSerait-ce pour toutes ces raisons que ce myst\u00e9rieux n\u00e9cromant a d\u00e9cid\u00e9 de s'emparer de l'amulette d'Anubis?\r\n\r\nApparu pour la premi\u00e8re fois dans <em>Liminalit\u00e9<\/em>, o\u00f9 il tenta d'obtenir l'Opale d'Anubis d'Helga Melvany avant de se retourner contre elle, Grygor est un personnage \u00e9trange et dangereux\u00a0dont les objectifs\u00a0v\u00e9ritables demeurent encore inconnus. Il n'apparara\u00eet jamais physiquement, mais uniquement sous la\u00a0forme d'une image quasi-translucide -- celle d'un moine en robe de bure sombre, aux cheveux broussailleux et \u00e0 la longue barbe noire -- ombre qui est presque toujours accompagn\u00e9e d'un corbeau. La nature de cet oiseau\u00a0n'a pas encore \u00e9t\u00e9 d\u00e9termin\u00e9e avec certitude: serait-ce un simple familier, ou bien\u00a0une manifestation de Grygor lui-m\u00eame?\r\n\r\nGrygor est de toute \u00e9vidence un Mage. Il utilise en particulier un tr\u00e8s ancien rituel Herm\u00e9tiste, dit de la Dent du Dragon, afin de lancer des guerriers \u00e9l\u00e9mentaires aux trousses des protagonistes de la Chronique. A l'heure o\u00f9 s'ach\u00e8ve <em>Axis Mundi<\/em>, Grygor est en possession de la moiti\u00e9 de l'Opale d'Anubis nagu\u00e8re dissimul\u00e9e dans la lampe\u00a0du bureau de Jakob Melvany. L'autre moiti\u00e9 de l'amulette, elle, est vraisemblablement toujours en possession de Lhop-Lhop, et Grygor a jur\u00e9 de se venger des personnages qui lui ont \"jou\u00e9 ce tour pendable\".\r\n\r\nDans une r\u00e9cente vision du pass\u00e9 qu'a eue Helga, Grygor est apparu comme l'assassin de Jakob, et la Verbena crie d\u00e9sormais vengeance...","protected":false},"excerpt":{"rendered":"<p>Sinistre &#8211; Manipulateur &#8211; Obsessionnel Avec sa voix au ton froid et sarcastique, ainsi qu&#8217;avec son regard empli d&#8217;une lueur que certains qualifieraient d&#8217;inhumaine, il est tr\u00e8s difficile pour Grygor de passer inaper\u00e7u. Mais cela n&#8217;est qu&#8217;un simple obstacle, une barri\u00e8re quasiment impalpable pour cet \u00e9trange sorcier dont les noirs habits semblent souvent se fondre [&hellip;]<\/p>\n","protected":false},"author":3,"featured_media":0,"parent":21,"menu_order":14,"comment_status":"closed","ping_status":"open","template":"","meta":{"footnotes":""},"class_list":["post-64","page","type-page","status-publish","hentry"],"_links":{"self":[{"href":"http:\/\/www.yzabel.net\/mage\/wp-json\/wp\/v2\/pages\/64","targetHints":{"allow":["GET"]}}],"collection":[{"href":"http:\/\/www.yzabel.net\/mage\/wp-json\/wp\/v2\/pages"}],"about":[{"href":"http:\/\/www.yzabel.net\/mage\/wp-json\/wp\/v2\/types\/page"}],"author":[{"embeddable":true,"href":"http:\/\/www.yzabel.net\/mage\/wp-json\/wp\/v2\/users\/3"}],"replies":[{"embeddable":true,"href":"http:\/\/www.yzabel.net\/mage\/wp-json\/wp\/v2\/comments?post=64"}],"version-history":[{"count":0,"href":"http:\/\/www.yzabel.net\/mage\/wp-json\/wp\/v2\/pages\/64\/revisions"}],"up":[{"embeddable":true,"href":"http:\/\/www.yzabel.net\/mage\/wp-json\/wp\/v2\/pages\/21"}],"wp:attachment":[{"href":"http:\/\/www.yzabel.net\/mage\/wp-json\/wp\/v2\/media?parent=64"}],"curies":[{"name":"wp","href":"https:\/\/api.w.org\/{rel}","templated":true}]}}