{"id":2,"date":"2013-12-10T03:14:12","date_gmt":"2013-12-10T03:14:12","guid":{"rendered":"http:\/\/yzabel.net\/?page_id=2"},"modified":"2017-02-25T11:03:00","modified_gmt":"2017-02-25T10:03:00","slug":"about","status":"publish","type":"page","link":"https:\/\/www.yzabel.net\/test\/about\/","title":{"rendered":"About \/ A propos"},"content":{"rendered":"<div class=\"ezcol ezcol-one-half\">Once upon a time, Yzabel Ginsberg made a deal with the God of Dreams, whom she might have swindled out of a few extra seeds of wild imagination. From her current home in London, this strange French woman always clad in black weaves many webs of stories, whether on paper or through the delicate art of online storytelling. Rumour has it that she will only stop when Death comes to claim her, but even that is less than certain.<\/p>\n<p>You can also follow her antics on these pages:<\/div>\n<div class=\"ezcol ezcol-one-half ezcol-last\">Jadis, Yzabel Ginsberg passa un pacte avec le Dieu des R\u00eaves, qu&#8217;elle a sans doute un peu arnaqu\u00e9 de quelques graines d&#8217;imagination suppl\u00e9mentaires. Depuis sa demeure du moment \u00e0 Londres, cette dr\u00f4le de Fran\u00e7aise toujours v\u00eatue de noir tisse bien des toiles d&#8217;histoires, que ce soit sur papier ou \u00e0 travers l&#8217;art d\u00e9licat de pratiquer le conte en ligne. La rumeur veut qu&#8217;elle ne s&#8217;arr\u00eatera que lorsque la Mort viendra la chercher, mais m\u00eame cela reste rien moins que certain.<\/p>\n<p>Vous pouvez aussi la retrouver sur les sites suivants:<\/div><div class=\"ezcol-divider\"><\/div>\n<p>&nbsp;<\/p>\n<p style=\"text-align: left;\"><a href=\"https:\/\/www.yzabel.net\/test\/about\/yzabel_library-of-dreams\/\" rel=\"attachment wp-att-131\"><img loading=\"lazy\" decoding=\"async\" class=\"alignleft size-medium wp-image-131\" src=\"https:\/\/www.yzabel.net\/test\/wp-content\/uploads\/2013\/12\/yzabel_library-of-dreams-188x300.jpg\" alt=\"Yzabel Ginsberg\" width=\"188\" height=\"300\" srcset=\"https:\/\/www.yzabel.net\/test\/wp-content\/uploads\/2013\/12\/yzabel_library-of-dreams-188x300.jpg 188w, https:\/\/www.yzabel.net\/test\/wp-content\/uploads\/2013\/12\/yzabel_library-of-dreams.jpg 600w\" sizes=\"auto, (max-width: 188px) 100vw, 188px\" \/><\/a>Facebook (account): <a href=\"http:\/\/www.facebook.com\/yginsberg\" target=\"_blank\">http:\/\/www.facebook.com\/yginsberg<\/a><\/p>\n<p style=\"text-align: left;\">Facebook (page): <a href=\"http:\/\/www.facebook.com\/YzabelGinsberg\" target=\"_blank\" data-hw-href=\"hcf0yygpKbDS1y8vL9dLS0xOTcrPz9ZLzs\/Vj6xKTErNcc\/MK05KLUoHAA\" data-hw-_mce_href=\"hcf0yygpKbDS1y8vL9dLS0xOTcrPz9ZLzs\/Vj6xKTErNcc\/MK05KLUoHAA\" data-hw-target=\"hc72i0\/KSczLBgA\">http:\/\/www.facebook.com\/YzabelGinsberg<\/a><\/p>\n<p style=\"text-align: left;\">Twitter:\u00a0<a href=\"https:\/\/twitter.com\/YzabelGinsberg\">@YzabelGinsberg<\/a><\/p>\n<p style=\"text-align: left;\">Goodreads: <a href=\"http:\/\/www.goodreads.com\/author\/show\/7496566.Yzabel_Ginsberg\" target=\"_blank\">Yzabel Ginsberg<\/a><\/p>\n<p style=\"text-align: left;\">Wattpad: <a href=\"http:\/\/www.wattpad.com\/user\/YzabelGinsberg\" target=\"_blank\">@YzabelGinsberg<\/a><\/p>\n<p style=\"text-align: left;\">Tumblr: <a href=\"http:\/\/yzabel-ginsberg.tumblr.com\/\" target=\"_blank\">http:\/\/yzabel-ginsberg.tumblr.com\/<\/a><\/p>\n<p style=\"text-align: left;\">deviantArt: <a href=\"http:\/\/yzabel.deviantart.com\" target=\"_blank\">http:\/\/yzabel.deviantart.com<\/a><\/p>\n","protected":false},"excerpt":{"rendered":"<p>&nbsp; Facebook (account): http:\/\/www.facebook.com\/yginsberg Facebook (page): http:\/\/www.facebook.com\/YzabelGinsberg Twitter:\u00a0@YzabelGinsberg Goodreads: Yzabel Ginsberg Wattpad: @YzabelGinsberg Tumblr: http:\/\/yzabel-ginsberg.tumblr.com\/ deviantArt: http:\/\/yzabel.deviantart.com<\/p>\n","protected":false},"author":1,"featured_media":0,"parent":0,"menu_order":0,"comment_status":"open","ping_status":"closed","template":"","meta":{"footnotes":""},"class_list":["post-2","page","type-page","status-publish","hentry"],"_links":{"self":[{"href":"https:\/\/www.yzabel.net\/test\/wp-json\/wp\/v2\/pages\/2","targetHints":{"allow":["GET"]}}],"collection":[{"href":"https:\/\/www.yzabel.net\/test\/wp-json\/wp\/v2\/pages"}],"about":[{"href":"https:\/\/www.yzabel.net\/test\/wp-json\/wp\/v2\/types\/page"}],"author":[{"embeddable":true,"href":"https:\/\/www.yzabel.net\/test\/wp-json\/wp\/v2\/users\/1"}],"replies":[{"embeddable":true,"href":"https:\/\/www.yzabel.net\/test\/wp-json\/wp\/v2\/comments?post=2"}],"version-history":[{"count":15,"href":"https:\/\/www.yzabel.net\/test\/wp-json\/wp\/v2\/pages\/2\/revisions"}],"predecessor-version":[{"id":191,"href":"https:\/\/www.yzabel.net\/test\/wp-json\/wp\/v2\/pages\/2\/revisions\/191"}],"wp:attachment":[{"href":"https:\/\/www.yzabel.net\/test\/wp-json\/wp\/v2\/media?parent=2"}],"curies":[{"name":"wp","href":"https:\/\/api.w.org\/{rel}","templated":true}]}}